t is the remainder when 2 is divided by x?
0
Let w(h) = h**2 - 4*h - 2. Let l be w(5). Suppose 0*x - l*x = 0. Let i(p) = p**3 + p**2 + 18. Calculate the remainder when 34 is divided by i(x).
16
Let f(t) = t**2 - 7*t - 1. Let y be f(6). Let c = y + 11. What is the remainder when 10 is divided by c?
2
Let x be 3/(-3) + 8*3. Let w(u) = -3*u. Let i be w(-2). What is the remainder when (-6)/(-36) + x/i is divided by 3?
1
Suppose -5*a + 17 = 3*l, -2*l = 4*a + l - 13. Suppose -k = a*j - 34, 3*k = -j + 4*k + 6. What is the remainder when 30 is divided by j?
6
Let c = 79 - 60. Let v = 13 + -6. What is the remainder when c is divided by v?
5
Suppose 64*x - 62*x - 30 = 0. What is the remainder when 29 is divided by x?
14
Suppose -4*y + 5 = 1, -3*m + 5*y + 16 = 0. What is the remainder when 18 is divided by m?
4
Let d be (0 + 1)/((-7)/28). Suppose 30 = 5*o - 30. What is the remainder when d/(-22) + 229/11 is divided by o?
9
Suppose -h - 5*n + 71 = 0, h - 3*h = 4*n - 130. What is the remainder when h is divided by 20 - 1*(4 - 5)?
19
Let c = 41 - 29. Suppose -12 = -2*v + c. Let m = v - -9. Calculate the remainder when m is divided by 11.
10
Suppose -65 = -6*p + p. What is the remainder when 24 is divided by p?
11
Suppose 4*r - 49 = 7. Suppose -2*o = 4*b - 8, 4*b - 12 = 4*o - 5*o. What is the remainder when 103/b - (-1)/4 is divided by r?
12
Let o(l) = l**2 + 3*l - 2. Let r be o(2). Let z(q) = 2*q + 3. Calculate the remainder when z(r) is divided by 11.
8
Suppose -5*q - 9 = i, -i + q - 59 = -5*i. Calculate the remainder when 63 is divided by i.
15
Let p(o) = -6*o + 3. Let r(i) = -5*i + 2. Let h(n) = -6*p(n) + 7*r(n). Let z be h(7). Suppose 0 = z*q - 20 + 2. Calculate the remainder when 11 is divided by q.
5
Let k = -10 + 14. What is the remainder when 5 is divided by k?
1
Let s = -5 + 2. Calculate the remainder when (23/3)/(s/(-9)) is divided by 12.
11
Suppose 5*m = 4*u + 38, m - 4 = -m - 4*u. Let p(f) be the third derivative of f**4/8 + 7*f**3/6 - 2*f**2. Calculate the remainder when 48 is divided by p(m).
23
What is the remainder when (-3 + 2)*(3 + -59 + 1) is divided by 21?
13
Suppose -2*i = -4*v - 0*v + 294, 0 = 5*i + v + 702. Let t = -99 - i. Suppose -6*s = -3*s - t. What is the remainder when 41 is divided by s?
13
Let a(g) = 43*g**2. Let p(n) be the first derivative of -2*n**2 + 2*n - 1. Calculate the remainder when a(-1) is divided by p(-5).
21
Let y(j) = -j - 2 + 0 - 7*j - 6*j. Let x be y(-3). What is the remainder when (x + 2 + 0)*1 is divided by 11?
9
Suppose -4*n - 2*a + 230 = 0, 4*n - 3*a - 44 = 171. Let q = n + -28. What is the remainder when q is divided by (-2 - -1) + 11/1?
8
Let w(t) = 10*t**3 - t + 1. Calculate the remainder when w(1) is divided by 3.
1
Suppose 0 = 3*b - 2*b - 50. What is the remainder when b is divided by 13?
11
Suppose 0 = -4*x + 7*r - 3*r + 312, -230 = -3*x - r. Suppose 0 = -4*n + n + 48. What is the remainder when x is divided by n?
13
Let i = 16 + -9. Calculate the remainder when i is divided by 5.
2
Let q(z) be the second derivative of z**5/20 + z**4/3 - z**3/2 + 2*z**2 + z. Calculate the remainder when 30 is divided by q(-4).
14
Suppose 4*k - 2 = 6*k. Calculate the remainder when 1*((-1 - -1) + 38) is divided by 3 - (k + 2) - -8.
8
Let r(t) = 5*t - 12. Let p be r(8). Let u = -12 + p. What is the remainder when u is divided by 6?
4
Calculate the remainder when 24 is divided by (2 + (-25)/10)*-10.
4
Suppose 4*y = n + 21, -3*y + 6*n + 9 = 3*n. Let w = -9 + 15. What is the remainder when y is divided by w/(-4)*(-24)/9?
2
Suppose 144 = 5*s - 166. Let k be (-1)/(0 - (-2)/s). Calculate the remainder when 3/6 - k/2 is divided by 6.
4
Suppose -2*p + 5*l - 3 = 0, 0*p - 21 = -2*p - 3*l. Let x be p/(-21) - (-712)/(-7). What is the remainder when 38 is divided by x/(-8) - (-2)/8?
12
Suppose 0 = 3*v - 2*v. Calculate the remainder when 13 is divided by v - (-3 + 2 + -6).
6
Suppose 0 = -3*g - 5*q + 199, -283 = -4*g + 3*q - 66. Let f(i) = 4*i**2 - 4*i - 4. Calculate the remainder when g is divided by f(3).
18
Let i(b) = b**3 + 6*b**2 + b. Calculate the remainder when i(-5) is divided by 11.
9
Suppose 2*q = -3*q + 165. What is the remainder when q is divided by 9?
6
Let p(o) = -o**3 + 5*o**2 - o - 2. What is the remainder when p(4) is divided by (-6)/24 + (-75)/(-12)?
4
Let a = 1 - -21. Calculate the remainder when a is divided by 7.
1
Let w(t) = t**3 + 10*t**2 - 14*t - 10. What is the remainder when 43 is divided by w(-11)?
20
Let u = 11 - 8. Suppose -2*x + u*q = -11, x - q - 6 = q. What is the remainder when x is divided by 14/8 - (-1)/4?
0
Let l = -184 - -98. Let s = -54 - l. Suppose h + s = 5*h. What is the remainder when 23 is divided by h?
7
Let v be 2/3*36/(-4). Let f = 21 + v. Calculate the remainder when f is divided by 9.
6
Let j(q) = 2*q**2 - 10*q. Let k be j(7). Let f = k - 14. What is the remainder when ((-30)/(-1))/(3/4) is divided by f?
12
Let m be -20*(-3 - (-15)/6). Suppose i = -i + m. What is the remainder when i is divided by 4?
1
Calculate the remainder when (-4)/(-22) + (-1710)/(-33) is divided by 28.
24
Let r = -21 - -29. Suppose p = -4*k + 5*p + 44, -k - 4*p = -21. What is the remainder when k is divided by r?
5
Let f(g) = g**3 + g**2 + g + 5. Let i(n) = n. What is the remainder when f(0) is divided by i(2)?
1
Let c be 7/2*24/42. Suppose -4*g + c*g + 72 = 0. Suppose 0 = -3*s + 60 - 3. Calculate the remainder when g is divided by s.
17
Let r(d) = d**3 + 2*d**2 - 2*d. Let b = 1 - -2. Suppose t + 4*t + b = -k, 2*k = 5*t + 9. What is the remainder when r(k) is divided by 7?
5
What is the remainder when (-8)/(-40) + 27*(-7)/(-5) is divided by 10?
8
Let g(y) = y + 1. Let u be g(-3). Let x be (-1)/u*30/5. Let d(a) = a - 2. Calculate the remainder when 2 is divided by d(x).
0
Let p = -20 - -3. Let d = 5 - p. What is the remainder when d is divided by 8?
6
Let l = 12 - 4. Suppose -4*a + 30 = i - 21, 9 = a + i. What is the remainder when a is divided by l?
6
Let p be (-3)/3*(2 - 4). Suppose p*d - 34 = -4*i, -3*d + 39 = 3*i - i. Let x = 7 + -3. Calculate the remainder when d is divided by x.
3
Let a = -467 - -485. Calculate the remainder when a is divided by 1 - 3/(6/(-20)).
7
Let z = -48 + 70. Calculate the remainder when 62 is divided by z.
18
Let r = 47 + -29. What is the remainder when 53 is divided by r?
17
Suppose 78 = 6*r - 240. Calculate the remainder when r is divided by 28.
25
Suppose 2*i = 88 + 2. What is the remainder when i is divided by 6?
3
Let j = 8 + -15. Let d(o) = -o**2 - 9*o - 4. Calculate the remainder when (-2)/(6/(-57) + 0) is divided by d(j).
9
Let n be ((-2)/(-4))/(3/90). Suppose 4*j - 150 = -j - 2*i, -3*i + n = 0. Let d = 67 - j. Calculate the remainder when d is divided by 20.
19
Calculate the remainder when 30 is divided by 12*-6*6/(-27).
14
Suppose 3*n - 3*d = -2*d + 35, 4*d - 10 = -3*n. What is the remainder when n is divided by 4?
2
What is the remainder when (2 + 0 - 2) + 45 is divided by 24?
21
Suppose -4*j - 4*t + 36 = 0, t + 4*t = 4*j + 9. Suppose 2*q = -3*y - 0*y + 316, -j*y + 422 = 2*q. Calculate the remainder when y is divided by 27.
25
Calculate the remainder when 6/8 - (-519)/12 is divided by 23.
21
Let p = 20 - 13. What is the remainder when 45 is divided by p?
3
Let h(g) = -g**2 - g + 24. Let d = 1 + 12. Calculate the remainder when h(0) is divided by d.
11
Suppose f + 57 = 4*p, -4*f - 58 = -4*p - 2*f. Let r = -7 + p. Suppose 5*u - 20 = 2*i + i, 5*u - 2*i - 20 = 0. What is the remainder when r is divided by u?
3
Let x be (-7)/4 + (-6)/(-8). Let y be (1 + (-15)/3)*-2. Let z = y - x. What is the remainder when z is divided by 4?
1
Let z be (20/6)/((-4)/(-6)). Suppose s - z - 34 = 0. Calculate the remainder when s is divided by 10.
9
Let f = 33 - 80. Let d = 17 - f. Suppose -6*r + d = -2*r. Calculate the remainder when r is divided by 9.
7
Let n = 32 - -58. What is the remainder when n is divided by 46?
44
Suppose -3*v + 7 = -2*f, 0 = -4*f + 3*v - 7 + 2. Calculate the remainder when 7 - 4/(2 - 1) is divided by f.
0
Let g = 263 - 188. Calculate the remainder when g is divided by 38.
37
Let i(f) = -5*f + 21. Let m(k) = 8*k - 31. Let g(t) = -7*i(t) - 5*m(t). Suppose -30 = 2*w + 3*w. What is the remainder when g(w) is divided by 20?
18
Suppose o - 11 = -3. Let a(x) = 5*x**2 + 1. Let 